 is the units digit of k?
9
Let w(k) = -4*k + 26. Let c(a) = 8*a - 52. Let o(f) = -6*c(f) - 13*w(f). Let n be o(7). Suppose m + n = -u - u, -3*m + 16 = -5*u. What is the units digit of m?
2
Let h = -904 + 13615. What is the hundreds digit of h?
7
Suppose 2*z + 181 = -5. Let t = z - -77. Let g(f) = -10*f - 14. What is the hundreds digit of g(t)?
1
Suppose -3*l + 34*l - 124 = 0. Suppose -7*z + 6*z - l*q + 313 = 0, q = -4*z + 1312. What is the units digit of z?
9
Suppose 43*b = 19*b + 97509 + 26715. What is the units digit of b?
6
Let l = -169 + 157. What is the units digit of ((-5)/3 - (-4)/l)*-337?
4
Let p be (-1078)/(-8) + (-1)/(-4). Let f be 20/50 - (-243)/5. Let v = p - f. What is the tens digit of v?
8
Let j(o) be the third derivative of -11*o**5/60 + o**4/3 - 2*o**3/3 + 12*o**2. Let k(s) = s. Let h(g) = -j(g) + 5*k(g). What is the units digit of h(1)?
2
Let d = -86491 - 159649. What is the units digit of ((-2)/(-20)*2)/((-124)/d)?
7
Let x(m) = -872*m - 1616. What is the units digit of x(-18)?
0
Let x be 3/(-6*4/(-512)). Suppose x = -5*f + 9*f. Let z = 37 + f. What is the units digit of z?
3
Suppose 12*k = 14*k - 480. Suppose -3*l + k + 531 = 3*r, 0 = 4*l + 3*r - 1032. What is the units digit of l?
1
Let a(d) = -8*d**3 + 3*d**2 + 57*d + 352. What is the tens digit of a(-12)?
2
Let y(h) = h**3 - 34*h**2 + h - 39. Let s be y(34). Let c(f) = -2*f**3 - 3*f**2 - 21*f + 10. What is the units digit of c(s)?
0
Let n(y) = 9*y**2 - 12*y - 4. Suppose -2*s + 3 = -3. Suppose 4*z + 0*z - 40 = -5*f, s*f = -4*z + 32. What is the units digit of n(f)?
2
Suppose -5*f + r = -130079, 0 = -3*f + 4*r + 57565 + 20496. What is the units digit of f?
5
What is the units digit of (7/14)/((-6)/(-71724))?
7
Let d(g) = g**3 - 5*g**2 + 8*g - 3. Let x be d(3). Suppose -w = -7 - x. Suppose 7*i - w*i = -285. What is the units digit of i?
5
Let q(k) = 11*k + 6. Let f(x) = x**2 - 14*x + 16. Let p be f(10). Let t = p + 26. What is the tens digit of q(t)?
2
Suppose -5*j = q - 14612, -114*j + 117*j - 43812 = -3*q. What is the thousands digit of q?
4
Suppose 2*f - 2*y - 28 = 0, 2*y - y - 34 = -3*f. Let j be 70 - (f/(-18) + (-6)/(-9)). Let w = j + 69. What is the hundreds digit of w?
1
What is the hundreds digit of (-1149)/(-2 - (1 - (-86)/(-29)))?
3
Let v(x) = 2*x - 4. Let j be v(5). Let z be 657/6 + -1 + j/4. Suppose 308 = 3*m + z. What is the tens digit of m?
6
Suppose 0 = -2*y - 2*r + 29886, 20*y + 5*r = 22*y - 29865. What is the units digit of y?
0
Suppose 2*j - 5346 = -5*q, -3*q - j = -4*q + 1072. Let t = q + -590. What is the hundreds digit of t?
4
Suppose 0 = -8*r - 1334 + 6254. Let j = 298 + r. What is the units digit of j?
3
Let m = 10532 - -47585. What is the units digit of m?
7
Let w(c) = -5*c**2 - 15*c - 2. Let b(m) = -2*m**2 - 7*m - 1. Let v(u) = 7*b(u) - 3*w(u). Let t be v(9). Let s = 98 - t. What is the units digit of s?
4
Let s(h) = h**2 - 3*h + 1. Let d be s(3). Let a be d/8 + 117/24. Suppose -4*p = j + p - 147, -5*p = a*j - 795. What is the tens digit of j?
6
Let t = 57 - 53. Suppose -121 = -t*h + 75. What is the units digit of h?
9
Let m(l) = -2*l**2 + 47*l - 19. Suppose -4*u + 9 - 5 = 4*a, 3*a - 2 = -4*u. Suppose -a*r + r = -21. What is the units digit of m(r)?
6
Suppose -54*l = -63*l + 16065. What is the units digit of l?
5
Let h = 1778 - -3071. What is the units digit of h?
9
Let q be -3 - -112*((-36)/16 - -3). Suppose y = 4*y - q. What is the units digit of 6/y + (-1425)/(-27)?
3
Suppose 142*b + 18*b = -37*b + 2403794. What is the tens digit of b?
0
Let h be 9/2*98/3. Let z = -4877 - -4910. Suppose -4*g + h + z = 0. What is the units digit of g?
5
Let d = 18217 + -13105. What is the tens digit of d?
1
Let i(q) = q**3 - q**2 - q + 1. Let b(z) = 57*z**3 + 5*z**2 + 5*z - 2. Let v(m) = b(m) + 3*i(m). Let p be v(-1). Let g = p - -114. What is the tens digit of g?
5
What is the thousands digit of 3/18 - (-37582)/12 - -6?
3
Let a(s) = 141*s**2 - 1204*s - 12. What is the hundreds digit of a(-7)?
3
Let f = 374 + -217. Let b = f + -100. Let l = 60 + b. What is the tens digit of l?
1
Let t = -240 - -408. What is the hundreds digit of ((-30)/7)/((-6)/t)?
1
Let c(b) = 25*b**2 + 18*b - 136. Let f be c(-20). Suppose 37*p = 26*p + f. What is the tens digit of p?
6
Let v(m) be the first derivative of -m**4/2 + 3*m**2/2 + 301. Let h = -6 + 3. What is the tens digit of v(h)?
4
Let u(y) = 6*y + 31*y + 73 + 30*y + 98 - 9. What is the units digit of u(6)?
4
Let q = 150875 + -73993. What is the units digit of q?
2
Suppose -2*d - 4*k - 4 = -8*k, -3*k = 4*d - 3. Suppose 4*t + 29 = 5*c + 4, d = 4*c - 2*t - 20. What is the units digit of 150*c*5/50?
5
Let j(t) = -16*t - 29. Let p be j(-9). Suppose l + 4*u = p, 486 = 4*l - 3*u + 6*u. What is the hundreds digit of l?
1
Let j(i) = -i**3 - 10*i**2 - 7*i + 14. Suppose 3*f + 25 = -2*t, -3*f - 3*t - 15 - 9 = 0. Let n be j(f). What is the units digit of n/2 - -175 - 2?
1
Let g(d) = -1462*d - 54. What is the hundreds digit of g(-6)?
7
Let n(r) = -r**3 + r + 931. Let y be n(0). Suppose 2*l = w + y, -4*l - 2*w + 840 + 1002 = 0. What is the units digit of l?
3
Let o be 8*(-1 + -3 + (-90)/(-1)). Let z = -388 + o. What is the hundreds digit of z?
3
Let r(w) = 3*w**2 - 4*w - 3. Let d(x) = 3*x + 6. Let i be d(4). Suppose -i = -2*m - u - 2*u, -5*u + 34 = 4*m. What is the tens digit of r(m)?
8
Let x = 203 - -18. Suppose 0 = -5*k + 2*f + 403, 5*k + 4*f = 2*k + x. What is the units digit of k?
9
Suppose 20 = 8*p - 4*p. Suppose 856 = 5*b - 5*g - 4, -869 = -p*b - 4*g. What is the units digit of b?
3
Let n = 6124 + -3148. What is the units digit of n?
6
Suppose -7*n + 3*n = -12. Let x(k) = 31*k**2 + k - 3. What is the tens digit of x(n)?
7
What is the thousands digit of 2*(-2982)/(-8)*(-60)/(-9)?
4
Let d be 137 - (20/(-5) - -6). Suppose 3*w + 0*w = -v + 140, -4*w = v - d. What is the tens digit of v?
5
Let b(w) = 7*w**3 - 14*w**2 - 11*w - 15. Let a(l) = -6*l**3 + 13*l**2 + 11*l + 14. Let y(j) = 6*a(j) + 5*b(j). What is the units digit of y(8)?
7
Suppose 0 = 12*r - 7*r - 33730. Suppose r + 742 = 26*g. What is the units digit of g?
8
Let p(k) = 3*k**3 - 2*k + 4. Let r be p(2). Let z = -28 + r. What is the tens digit of 25*z*(4/(-5))/4?
2
Let h be (1 + (-4 - 0))/((-387)/258). Suppose 3*k = -h*d + 8*k + 1185, 0 = k - 5. What is the tens digit of d?
0
Suppose 19*l = 18*l - 5*b + 11913, 2*b = -5*l + 59588. What is the tens digit of l?
1
Let u(v) = -v**3 - 87*v**2 - 758*v - 16. What is the hundreds digit of u(-79)?
9
Let f = -7486 + 13728. What is the units digit of f?
2
Let z(b) = -114*b + 8. Let t be z(-6). Suppose -4*h + 1332 = -t. What is the tens digit of h?
0
What is the ten thousands digit of 153843/10 - (-111)/(-370)?
1
Let d(m) = -106*m + 4845. What is the thousands digit of d(-10)?
5
Let b = -48125 - -69035. What is the units digit of b?
0
Let q = -14717 + 19670. What is the tens digit of q?
5
Suppose 25*f - 3425996 = -0*f - 99*f. What is the ten thousands digit of f?
2
Suppose 2 = 4*c - 6. Suppose j - 8 = -3*d, -2*j = -5*d + c*d + 2. What is the tens digit of (-12)/j*(-43)/4*2?
2
Suppose 13 = 2*y - 9. Suppose 0*o = y*o - 17600. Suppose -4*j - 4*j = -o. What is the hundreds digit of j?
2
Let d be 0/2 - (-1 + (-14 - 0)). Suppose 13*s - 2 = d*s. What is the tens digit of (4*1 + s)/((-141)/(-1598))?
3
Let v be 51/2*(7/(-21) - -1). Let c(d) = 15*d + 31. What is the tens digit of c(v)?
8
Let k = 967 + -1693. Let g = 388 - k. What is the thousands digit of g?
1
Let q = 69 - 77. Let h(b) = -b - 4. Let v be h(q). Suppose v*a + 246 = 638. What is the units digit of a?
8
Let r(y) = 5*y**2 - 70*y + 1215. What is the thousands digit of r(29)?
3
Suppose -3*k = 15, -4*k = -4*p - 0*p + 28. Let j be (-20 + 0*(-2)/p)*1. What is the tens digit of (-4)/(-6)*(-6570)/j?
1
Suppose -6*z = 997 + 599. Let q = z + 574. What is the tens digit of q?
0
Suppose -7*g = -2*g - 65. Let u(m) = 119*m - 264*m + 133*m + g + 2*m**2. What is the tens digit of u(11)?
2
What is the hundreds digit of 1*1611 + -90 + 80?
6
Let i(k) = 15*k**2 + 14*k + 115. What is the units digit of i(-9)?
4
Suppose 0 = -4174*g + 4176*g - 11120. What is the tens digit of g?
6
What is the units digit of (2/3 - 392/(-15))/((-588)/(-755580))?
8
Suppose -2*b = 2*k - 0*k - 1152, 0 = -3*b - 2*k + 1729. Let l = b - 5